{"id":20,"date":"2018-04-13T12:16:16","date_gmt":"2018-04-13T10:16:16","guid":{"rendered":"http:\/\/www.katiaholainen.fi\/?page_id=20"},"modified":"2025-03-20T11:56:45","modified_gmt":"2025-03-20T09:56:45","slug":"mita-on-puheterapia","status":"publish","type":"page","link":"https:\/\/www.katiaholainen.fi\/?page_id=20","title":{"rendered":""},"content":{"rendered":"<blockquote>\n<p style=\"font-weight: 400;\">Puheterapia on l\u00e4\u00e4kinn\u00e4llist\u00e4 kuntoutusta, jonka tavoitteena on poistaa, lievent\u00e4\u00e4 ja ehk\u00e4ist\u00e4 puheen ja kielen h\u00e4iri\u00f6it\u00e4 sek\u00e4 n\u00e4in parantaa asiakkaan toiminta- ja kommunikaatiokyky\u00e4.<\/p>\n<\/blockquote>\n<h5><strong><u>Puheterapian toteutuksen perusta<\/u><\/strong><\/h5>\n<ul>\n<li style=\"font-weight: 400;\">asiakasl\u00e4ht\u00f6isyys<\/li>\n<li style=\"font-weight: 400;\">hyv\u00e4 vuorovaikutussuhde<\/li>\n<li style=\"font-weight: 400;\">l\u00e4hiymp\u00e4rist\u00f6n huomioiminen ja ohjaaminen<\/li>\n<\/ul>\n<h5><strong><u>Puheterapeuttisen kuntoutuksen tavoitteet<\/u><\/strong><\/h5>\n<p>Kuntoutuksen merkitykselliset, t\u00e4sm\u00e4lliset ja mitattavissa olevat tavoitteet laaditaan yhteisty\u00f6ss\u00e4 asiakkaan kanssa hy\u00f6dynt\u00e4en Omat tavoitteeni-menetelm\u00e4\u00e4 (GAS, eli Goal Attainment Scailing). Tavoitteiden tulee liitty\u00e4 suunniteltuun kuntoutusmuotoon ja niiden tulee olla saavutettavissa kuntoutustoimenpiteiden avulla. Menetelm\u00e4n avulla tarkastellaan tavoitteiden toteutumista.<\/p>\n<p>Tavoitteiden asettelussa huomioidaan kansainv\u00e4linen toimintakyvyn, toimintarajoitteiden ja terveyden luokitus ICF (International Classification of Functioning, Disability and Health), joka kuvaa asiakkaan toimintakyvyn eri osa-alueet sek\u00e4 yksil\u00f6- ja ymp\u00e4rist\u00f6tekij\u00e4t asiakkaan el\u00e4m\u00e4ss\u00e4<\/p>\n<p><strong>L\u00e4hde- ja lis\u00e4tietoa:<\/strong><br \/>\n<a href=\"https:\/\/www.kela.fi\/documents\/20124\/951672\/gas-menetelma-kasikirja.pdf\/823fe47d-482d-bd03-03f7-a39a57cc0857?t=1640004717108\" target=\"_blank\" rel=\"noopener\">Kela GAS-menetelm\u00e4 (Omat tavoitteet)<\/a><br \/>\n<a href=\"https:\/\/thl.fi\/fi\/web\/toimintakyky\/icf-luokitus\">Kansainv\u00e4linen toimintakyvyn, toimintarajoitteiden ja terveyden luokitus (ICF)<\/a><br \/>\n<a href=\"https:\/\/puheterapeuttiliitto.fi\/puheterapia\/puheterapiapalvelut\/\">Puheterapeuttiliitto &#8211; puheterapiapalvelut<\/a><br \/>\n<a href=\"https:\/\/puheterapeuttiliitto.fi\/puheterapia\/hyvat-puheterapiakaytannot\/\">Hyv\u00e4t puheterapiak\u00e4yt\u00e4nn\u00f6t<\/a><\/p>\n<p><a href=\"https:\/\/www.katiaholainen.fi\/wp-content\/uploads\/2018\/05\/MG_8373.jpg\"><img loading=\"lazy\" decoding=\"async\" class=\"alignnone size-full wp-image-84\" src=\"https:\/\/www.katiaholainen.fi\/wp-content\/uploads\/2018\/05\/MG_8373.jpg\" alt=\"\" width=\"1280\" height=\"780\" srcset=\"https:\/\/www.katiaholainen.fi\/wp-content\/uploads\/2018\/05\/MG_8373.jpg 1280w, https:\/\/www.katiaholainen.fi\/wp-content\/uploads\/2018\/05\/MG_8373-300x183.jpg 300w, https:\/\/www.katiaholainen.fi\/wp-content\/uploads\/2018\/05\/MG_8373-768x468.jpg 768w, https:\/\/www.katiaholainen.fi\/wp-content\/uploads\/2018\/05\/MG_8373-1024x624.jpg 1024w\" sizes=\"auto, (max-width: 1280px) 100vw, 1280px\" \/><\/a><\/p>\n","protected":false},"excerpt":{"rendered":"<p>Puheterapia on l\u00e4\u00e4kinn\u00e4llist\u00e4 kuntoutusta, jonka tavoitteena on poistaa, lievent\u00e4\u00e4 ja ehk\u00e4ist\u00e4 puheen ja kielen h\u00e4iri\u00f6it\u00e4 sek\u00e4 n\u00e4in parantaa asiakkaan toiminta- ja kommunikaatiokyky\u00e4. Puheterapian toteutuksen perusta asiakasl\u00e4ht\u00f6isyys hyv\u00e4 vuorovaikutussuhde l\u00e4hiymp\u00e4rist\u00f6n huomioiminen ja ohjaaminen Puheterapeuttisen kuntoutuksen tavoitteet Kuntoutuksen merkitykselliset, t\u00e4sm\u00e4lliset ja mitattavissa olevat tavoitteet laaditaan yhteisty\u00f6ss\u00e4 asiakkaan kanssa hy\u00f6dynt\u00e4en Omat tavoitteeni-menetelm\u00e4\u00e4 (GAS,&hellip; <\/p>\n","protected":false},"author":1,"featured_media":0,"parent":0,"menu_order":0,"comment_status":"closed","ping_status":"closed","template":"","meta":{"footnotes":""},"class_list":["post-20","page","type-page","status-publish","hentry"],"_links":{"self":[{"href":"https:\/\/www.katiaholainen.fi\/index.php?rest_route=\/wp\/v2\/pages\/20","targetHints":{"allow":["GET"]}}],"collection":[{"href":"https:\/\/www.katiaholainen.fi\/index.php?rest_route=\/wp\/v2\/pages"}],"about":[{"href":"https:\/\/www.katiaholainen.fi\/index.php?rest_route=\/wp\/v2\/types\/page"}],"author":[{"embeddable":true,"href":"https:\/\/www.katiaholainen.fi\/index.php?rest_route=\/wp\/v2\/users\/1"}],"replies":[{"embeddable":true,"href":"https:\/\/www.katiaholainen.fi\/index.php?rest_route=%2Fwp%2Fv2%2Fcomments&post=20"}],"version-history":[{"count":30,"href":"https:\/\/www.katiaholainen.fi\/index.php?rest_route=\/wp\/v2\/pages\/20\/revisions"}],"predecessor-version":[{"id":467,"href":"https:\/\/www.katiaholainen.fi\/index.php?rest_route=\/wp\/v2\/pages\/20\/revisions\/467"}],"wp:attachment":[{"href":"https:\/\/www.katiaholainen.fi\/index.php?rest_route=%2Fwp%2Fv2%2Fmedia&parent=20"}],"curies":[{"name":"wp","href":"https:\/\/api.w.org\/{rel}","templated":true}]}}